= 3*r. List the prime factors of r.
5
Suppose -2*z = 2*r + 4 - 12, z + 3*r = 10. Let o = -1 + z. Let k = o + 8. List the prime factors of k.
2
Suppose -h = -0*h - 3. Suppose -w + 2*w = h. Let o(n) = 4*n - 3. What are the prime factors of o(w)?
3
Let o(r) = -r**2 + 7*r + 7. Let i be o(8). What are the prime factors of 216/5 - i/(-5)?
43
Let k = 153 - 55. List the prime factors of k.
2, 7
Suppose 5*y - 4*z + 6 = -48, 0 = 4*y - 3*z + 44. Let a = y + 21. Let q(k) = -k**2 + 10*k - 9. List the prime factors of q(a).
2, 3
Suppose 2*v + 4*f - 24 = 0, -3*v + 0 - 8 = -5*f. List the prime factors of v.
2
Let h(i) be the third derivative of -i**6/120 + i**5/10 - i**4/4 + 2*i**3/3 - i**2. Suppose 0 = -3*g + 9, g = 3*m + 2 - 11. What are the prime factors of h(m)?
2, 3
Let l be 105/5*60/9. Suppose 3*a = -2*a + l. What are the prime factors of a?
2, 7
Suppose 3*o + 7 = 5*r + o, -4*o - 3 = r. Let k = 3 - r. List the prime factors of k.
2
What are the prime factors of 1 + -3 + 218 - 0?
2, 3
Suppose z + z - 144 = 0. List the prime factors of z.
2, 3
Let p = -19 - -108. List the prime factors of p.
89
Let o(h) = h**2 + 5*h + 7. Suppose -s + 3*s = -10. What are the prime factors of o(s)?
7
Let q be (3 - (-2 - -2))*1. Let l = -3 + q. Suppose l*u + u - 4 = 0. List the prime factors of u.
2
Suppose -15 = -z - 5. What are the prime factors of 88/z + (-4)/(-20)?
3
Suppose -468 = -0*o - 3*o. Suppose 4*k - o = -32. What are the prime factors of k?
31
Suppose j = 2*g - 5, -4*g + 2*j - 3*j + 13 = 0. Let t = g + 4. List the prime factors of t.
7
Let o(l) = -l**2 + 9*l - 10. Let v be o(7). Suppose -n + 200 = v*n. Suppose 4*x + 0*x - n = 0. What are the prime factors of x?
2, 5
Suppose 5*f = -4*i + 2, 4*i - 4*f + 16 = -0*f. Let r be 4/(i/(-9)*-3). Let b(k) = -k + 2. List the prime factors of b(r).
2
Let c = 12 + -9. What are the prime factors of 19/(-4)*(-12)/c?
19
Let d = 5 + -7. List the prime factors of d/((-1)/15*2).
3, 5
Let u = -35 + 83. What are the prime factors of u?
2, 3
Let h(c) = -3*c + 4. Let k be h(3). Let f(t) = t**2 + 2*t - 7. List the prime factors of f(k).
2
Let d be ((-6)/(-5))/(2/(-5)). Suppose -4*o + 2*o + 10 = 0, -5*c = 4*o - 40. What are the prime factors of (d/c)/((-3)/36)?
3
Let g be 2 + (0 - (1 + -3)). Suppose -g*l + 54 = -l. List the prime factors of l.
2, 3
Let o(c) be the first derivative of 1 + 1/2*c**2 + 17*c. List the prime factors of o(0).
17
Let f(n) = -7*n**3 - 6*n**2 - n - 7. Let c(k) = -k**3 - 1. Let r(v) = -6*c(v) + f(v). List the prime factors of r(-6).
5
Suppose -2*h = -5*w + 365, -3*h + 90 = -3*w + 4*w. What are the prime factors of w?
3, 5
Let s be (2 - (-17)/(-1))*-1. Let z = s + -6. What are the prime factors of z + (0 + 2)/(-2)?
2
Let r be (-6)/10 - (-223)/5. Suppose 3*t - r - 46 = 0. What are the prime factors of (4 + -5)/((-2)/t)?
3, 5
Suppose 2*c - 6 = -3*j - 4, -3*c - 4 = j. What are the prime factors of j?
2
Let l(x) = -7*x**3 + x**2 + 2*x - 3. List the prime factors of l(-2).
53
Suppose 3*i + 30 = 6*i. Suppose 4*c - 2 = -m, 4*m + 3*c + 2 - i = 0. Let q = 1 + m. List the prime factors of q.
3
Let l(a) = 2*a**3 - 6*a**2 - 30*a + 9. What are the prime factors of l(7)?
191
Suppose -4*v = -8, 2*d - 3*d + 4*v = 10. Let x(h) = 5*h**2 + 2 - h**2 + h**3 + h + 0*h**3. What are the prime factors of x(d)?
2
Let v be (-16 + 2)*2/(-4). Suppose 0 = -v*d + 4*d + 24. What are the prime factors of d?
2
What are the prime factors of (128/6)/(-8)*750/(-8)?
2, 5
Let h = 35 + 30. What are the prime factors of h?
5, 13
Let x = 104 + -72. Suppose 0 = -n + x - 8. List the prime factors of n.
2, 3
Let u(i) = i + 2. Let c be u(-9). Suppose y = 3*k - 37, -22 - 30 = -3*k - 2*y. Let r = c + k. List the prime factors of r.
7
Let x = 11 + -10. List the prime factors of 18 + x + 1 + -1.
19
List the prime factors of 2/1*(-596)/(-8).
149
Let s = 5 + -1. Suppose 3*c = 4*y + s, -30 = -2*c - 5*y - 12. List the prime factors of c.
2
Let z(i) = -i**3 - 11*i**2 - 12*i - 6. Let s(n) = -n**3 - 2*n + 2. Let l be s(2). List the prime factors of z(l).
2, 7
Let x be ((-4)/10)/(5/(-25)). Suppose 7 = -x*d + 3*r, -3*d - 5 = -3*r - 2. What are the prime factors of d?
2
Let n be (2 + 0)/(6/(-27)). What are the prime factors of n/(-1) + -7 + 5?
7
Let i(r) = 5*r + 3. Suppose 0*u - u + 4 = 0. List the prime factors of i(u).
23
List the prime factors of -2 + 24*6/9.
2, 7
Let p = -295 - -414. Suppose 2*m - p + 35 = 0. List the prime factors of m.
2, 3, 7
Suppose 3*b - 4*b = n + 1, 3*n + 8 = 2*b. What are the prime factors of 2/(n/3) - -6?
3
Suppose -138 = -2*c + 3*f, -5*c = -2*c - 4*f - 206. List the prime factors of c.
2, 3, 11
Suppose 5*x = 3*d - 437, -3*d - x + 211 + 220 = 0. What are the prime factors of d?
2, 3
Suppose -157 = -3*r - 46. What are the prime factors of r?
37
Let y(q) = -q**2 - 3*q + 3. Let i(t) = t. Let p be i(-4). Let w be y(p). What are the prime factors of (3/w)/((-3)/7)?
7
Let g(p) = 10*p + 20. Let q be g(16). Suppose q = 5*i - i. List the prime factors of i.
3, 5
What are the prime factors of -126*(-2 + 3 + -2)?
2, 3, 7
Suppose -3*u + 5*u - 16 = 2*b, 37 = 5*u - 2*b. Suppose -6*j = -5*j - u. What are the prime factors of j?
7
Suppose 3*o + 3*r = -24, -6*r + 3*r + 32 = -5*o. Let s(d) = -2*d + 0 - 8*d - 6 + 2*d**3 - d**3 + 6*d**2. What are the prime factors of s(o)?
3, 5
Let z(j) = 2*j**3 - 4. Let a be z(3). Suppose 4*k + 4*w = a + 50, -3*w = -3. What are the prime factors of k?
2, 3
Suppose g - 6*g = -130. List the prime factors of g.
2, 13
Let m = -38 + 62. List the prime factors of m.
2, 3
Let c(u) = u**3 - 3*u**2 + u + 4. Let w(n) = n**2 + 11*n + 4. Let j be w(-11). List the prime factors of c(j).
2, 3
Suppose -x + 5 = -3. What are the prime factors of x?
2
Let h(f) = -f**3 + 4*f**2 + 4*f - 7. Let v be h(5). Let s = -7 - v. Let q = s - -5. What are the prime factors of q?
2, 5
Let y be (0/3)/(1 - -1). Suppose y*d + 5*d = 60. What are the prime factors of d?
2, 3
Let q(t) = 36*t + 15. List the prime factors of q(6).
3, 7, 11
Suppose -4*u + 8 = -2*w - 0, 0 = 3*u - 5*w + 8. Suppose 0 = o + o - u. What are the prime factors of o?
2
Suppose -210 = -5*a + 3*m, -30 = -2*a - m + 43. List the prime factors of a.
3, 13
Let d be (-54)/(-10) - (-2)/(-5). Suppose 0 = 3*t - 5*i - 17, -5*i = -d*t - 17 + 42. Suppose -4*h = -t*c - 32, -12 = -3*c - 0*c. List the prime factors of h.
2, 3
Let q(z) = -3*z - 5. Let m be q(-4). Suppose -28 = -2*j - m*x + 3*x, -x = 2*j - 37. List the prime factors of j.
2, 5
Suppose 6*a + 146 = 7*a. What are the prime factors of a?
2, 73
Suppose 4*l - 1 = 3. Suppose 4 = o - l. List the prime factors of o.
5
Let i(b) = -b + 87. Let o be i(0). Suppose a - 102 = 3*c, 3*c + 4*a + o = -0*a. Let s = 49 + c. What are the prime factors of s?
2
Let i = 17 - 6. What are the prime factors of i?
11
Let x(h) = -h + 5. Let k be x(-6). Suppose 0 = 3*g + 3 - 9. What are the prime factors of (g + -3)*-1*k?
11
List the prime factors of (-2)/(-8) + 127/4 + 3.
5, 7
Let x = 15 + -11. Let c = x + 0. Suppose 4*b = 3*p + 7*b - 21, 5*b - 26 = -c*p. What are the prime factors of p?
3
Let i = 895 - 628. List the prime factors of i.
3, 89
Suppose w + 2*j = 8, 0*w + j = 4*w - 50. Suppose -4*f = 3*y - 9, -3*f + 0*y + 3*y + w = 0. List the prime factors of f.
3
Let s = -1 - 4. Let z be (-7)/s + 12/(-30). What are the prime factors of (z*-3 - 1)/(-2)?
2
Let t = -152 + 326. List the prime factors of t.
2, 3, 29
Suppose -u + g + 319 = -0*u, 4*u - 2*g - 1284 = 0. What are the prime factors of u?
17, 19
Suppose -m + 10 = 5. What are the prime factors of m?
5
Let u(k) = k**3 - 2*k**2 + 7. List the prime factors of u(4).
3, 13
Let z be 29 - (4 - 2) - 2. Suppose -3*c + z = -5*v, -4*c + 4*v + 25 = -v. Suppose c = 3*r - 15 - 3. List the prime factors of r.
2, 3
Suppose -3*z = 2*s - 14, -4*s + 3*z = 2*z - 42. Let n be 55/1*s/25. Suppose 3*f - y - 14 = 0, 6*f - n = f + 3*y. List the prime factors of f.
5
Let z = -6 + 5. List the prime factors of -24*(z + 2/4).
2, 3
Suppose -g = 4*g + 4*s + 84, 44 = -2*g + s. Let c be (-1)/3 - 103/(-3). Let r = c + g. List the prime factors of r.
2, 7
Let x = 5 + -5. Let h(l) = -l**3 + 6*l**2 + 7*l. Let o be h(7). Suppose x*k - 2*k + 4 = o. What are the prime factors of k?
2
Let q = 1 + 1. Suppose -2*r - q*m = r - 30, 9 = -3*m. What are the prime fact